{"id":2042,"date":"2025-05-22T13:16:03","date_gmt":"2025-05-22T11:16:03","guid":{"rendered":"https:\/\/maynats.org\/?page_id=2042"},"modified":"2025-06-28T11:36:21","modified_gmt":"2025-06-28T09:36:21","slug":"les-petits-discours-de-lorateur","status":"publish","type":"page","link":"https:\/\/maynats.org\/?page_id=2042","title":{"rendered":"Les petits discours de l&rsquo;orateur"},"content":{"rendered":"\n<p>La tradition s&rsquo;est implant\u00e9e depuis l&rsquo;an dernier de donner au public un petit discours sous forme de conte avant les spectacles !<\/p>\n\n\n\n<h2 class=\"wp-block-heading\">Discours 2025<\/h2>\n\n\n\n<p>L&rsquo;histoire se passe dans un pays, c&rsquo;est le pays des phrases.<br>Dans ce pays, il y a des phrases tr\u00e8s courtes et des phrases tr\u00e8s longues.<br>Par exemple, la phrase \u00ab&nbsp;je t&rsquo;aime&nbsp;\u00bb, elle circule doucement comme un parfum de fleur qui s&rsquo;enrubane d&rsquo;une oreille \u00e0 l&rsquo;autre.<br>Ou la phrase \u00ab&nbsp;Veux-tu me donner la main ?&nbsp;\u00bb : elle garde toujours avec elle un point d&rsquo;interrogation pour se prot\u00e9ger au cas o\u00f9 elle rencontre la phrase qui dit \u00ab&nbsp;non&nbsp;\u00bb.<\/p>\n\n\n\n<p>Mais la phrase qui dit \u00ab&nbsp;non&nbsp;\u00bb, il faut le dire quand m\u00eame\u2026 elle est vraiment tr\u00e8s courte, certes\u2026 et elle peut para\u00eetre m\u00e9chante\u2026 mais elle peut \u00eatre votre amie parfois aussi : la phrase qui dit \u00ab&nbsp;non&nbsp;\u00bb, il faut toujours l&rsquo;avoir dans son sac.<\/p>\n\n\n\n<p>Cependant, il y a des moments o\u00f9 elle ne devrait pas \u00eatre l\u00e0, la phrase qui dit \u00ab&nbsp;non&nbsp;\u00bb. Par exemple, lorsqu&rsquo;un arc-en-ciel appara\u00eet, que les enfants sont tous l\u00e0, que les artistes sont pr\u00eats et que tous les b\u00e9n\u00e9voles disent \u00e0 monsieur c\u00e9c\u00e9-hache-baie : \u00ab&nbsp;Peux-tu nous donner la main ?&nbsp;\u00bb\u2026 l\u00e0, c&rsquo;est bien dommage qu\u2019elle arrive, la phrase qui dit \u00ab&nbsp;non&nbsp;\u00bb.<\/p>\n\n\n\n<p>Et puis, il y a des phrases longues aussi qui aident \u00e0 avancer dans ces moments-l\u00e0, comme :<br>\u00ab&nbsp;jamais les cr\u00e9puscules ne vaincront les aurores, \u00e9tonnons-nous des soirs et vivons les matins&nbsp;\u00bb (1).<br>Oh, elle est longue, cette phrase\u2026<\/p>\n\n\n\n<p>Et maintenant, place \u00e0 la petite phrase qui ouvre \u00e0 la magie. Vous la connaissez, elle dit \u00ab\u00a0chuuuut\u00a0\u00bb.<\/p>\n\n\n\n<hr class=\"wp-block-separator has-alpha-channel-opacity\"\/>\n\n\n\n<p>Il y avait un monstre, il s&rsquo;appelait Spot (2). Au d\u00e9but il \u00e9tait tr\u00e8s gentil, d\u00e8s que tu avais peur du noir, il t&rsquo;\u00e9clairait, c&rsquo;\u00e9tait bien.<br>Mais le probl\u00e8me, c&rsquo;est que petit \u00e0 petit, il a oubli\u00e9 que le noir, m\u00eame s&rsquo;il fait peur, il faut le laisser prendre sa place la nuit, sinon on ne peut pas dormir. Or, si on ne dort pas, on ne r\u00eave pas.<br>Alors Spot, il \u00e9clairait, il \u00e9clairait, mais il ne s&rsquo;arr\u00eatait plus.<br>Et quand on voulait fermer les yeux \u00e0 l&rsquo;ombre d&rsquo;un sous-bois, un apr\u00e8s-midi ou devant la plage au cr\u00e9puscule, Spot, il arrivait et te mettait plein de lumi\u00e8re dans les yeux.<\/p>\n\n\n\n<p>Par exemple, quand tu r\u00eavais que la belle Terre bleue est en train de tourner dans l&rsquo;univers, il t&rsquo;aveuglait en criant \u00ab\u00a0France info, France info\u00a0\u00bb, le genre de truc qui ne veut absolument rien dire.<br>Ou bien si tu voulais contempler le long mouvement des astres autour de l&rsquo;\u00e9toile polaire, il t&rsquo;aveuglait en criant \u00ab\u00a0Notif Insta, Notif Insta\u00a0\u00bb, ce qui veut non plus rien dire.<\/p>\n\n\n\n<p>Alors tous les gens qui aimaient la douceur des for\u00eats et le silence du cr\u00e9puscule se sont r\u00e9unis pour trouver une solution.<br>Ils ont pouss\u00e9 Spot pour qu&rsquo;il \u00e9claire tr\u00e8s loin, l\u00e0-bas, du c\u00f4t\u00e9 de la Terre o\u00f9 il fait toujours jour,<br>et qu&rsquo;il nous laisse un peu de clair obscur pour r\u00eaver.<br>Mais Spot, il ne voulait pas \u00e9clairer dans le vide, alors il fallait le pousser tr\u00e8s fort.<br>Du coup, on a demand\u00e9 de l&rsquo;aide \u00e0 deux grands gaillards.<br>Le premier, c&rsquo;est c\u00e9c\u00e9-hache-baie, il n&rsquo;avait juste pas envie.<br>Et le second, minist\u00e8re, il aidait du bout des doigts, mais il disait que quand m\u00eame r\u00eaver c&rsquo;est pas bien.<br>Alors tous ensemble, m\u00eame sans ces gaillards, ils ont quand m\u00eame r\u00e9ussi.<br>C&rsquo;est gr\u00e2ce \u00e0 eux qu&rsquo;on peut r\u00eaver dans cette salle en clair obscur et regarder le beau spectacle qui vient.<br>Mais attention, quand vous sortirez, faites bien attention \u00e0 Spot\u2026<\/p>\n\n\n\n<hr class=\"wp-block-separator has-alpha-channel-opacity\"\/>\n\n\n\n<p>\u00ab\u00a0Elle \u00e9tait toute petite, elle s&rsquo;appelait C\u0153ur. Il \u00e9tait minuscule, il s&rsquo;appelait Culture.<br>Ils \u00e9taient fatigu\u00e9s d&rsquo;avoir autant march\u00e9, d&rsquo;avoir affront\u00e9 plein de petits gnomes enrag\u00e9s<br>qui les agressaient en disant \u00ab\u00a0regarde-moi, regarde-moi\u00a0\u00bb.<br>Ils \u00e9taient fatigu\u00e9s, la petite qui s&rsquo;appelait C\u0153ur et le petit qui s&rsquo;appelait Culture.<br>Fatigu\u00e9s d&rsquo;avoir travers\u00e9 ces pays plein de petits gnomes qui disaient \u00ab\u00a0regarde-moi, regarde-moi\u00a0\u00bb.<br>Les gnomes du pays des actualit\u00e9s, les gnomes du pays du budget, les gnomes du pays de l&rsquo;aust\u00e9rit\u00e9.<br>Alors la petite qui s&rsquo;appelait C\u0153ur et le petit qui s&rsquo;appelait Culture, ils voulaient juste se reposer et fermer les yeux et puis r\u00eaver.<br>Ils se sont mis sous le croissant de lune qui s&rsquo;appelait c\u00e9c\u00e9-hache-baie mais celui-ci s&rsquo;est \u00e9clips\u00e9.<br>Ils se sont mis sous les \u00e9toiles qui s&rsquo;appelaient municipalit\u00e9s mais en dehors de quelques astres fid\u00e8les, celles-ci ont fondu dans le ciel.<br>Il restait alors la grande voie lact\u00e9e pour esp\u00e9rer un peu mais elle a \u00e9t\u00e9 dissolue au mois de juin dernier<br>et maintenant elle ne fait que bouger dans tous les sens.<br>Finalement la petite qui s&rsquo;appelait C\u0153ur et le petit qui s&rsquo;appelait Culture sont venus l\u00e0 o\u00f9 il y avait des enfants, l\u00e0 o\u00f9 il y avait des b\u00e9n\u00e9voles, l\u00e0 o\u00f9 il y avait des artistes.<br>Ils sont venus pour r\u00eaver et ils sont l\u00e0 quelque part dans cette salle, toujours vaillants. Bon spectacle !<\/p>\n\n\n\n<hr class=\"wp-block-separator has-alpha-channel-opacity\"\/>\n\n\n\n<p>C&rsquo;est l&rsquo;histoire d&rsquo;une petite Main, elle tissait des rubans pour les enfants, elle cherchait des couleurs pour ses rubans.<br>C&rsquo;est l&rsquo;histoire d&rsquo;un petit Lutin, il avait dans sa chapeau plein de couleurs pour les enfants mais pas de rubans.<br>petit Lutin et petite Main se sont rencontr\u00e9s \u00e0 Paris sous la Tour Eiffel.<br>Ensemble ils sont venus ici il y a 29 ans monter un immense feu d&rsquo;artifice de rubans plein de couleurs.<br>Des rubans bleus comme le ciel sans nuages, des rubans jaunes comme le soleil du matin,<br>des rubans rouges et oranges comme les fleurs du printemps, des rubans ocres et bruns comme les autonnes que nous traversons tous.<br>petite Main et petit Lutin vivaient \u00e0 une \u00e9poque o\u00f9 f\u00e9es &amp; magiciens semblaient pouvoir conqu\u00e9rir le monde, une \u00e9poque o\u00f9 les choses \u00e9taient simples.<br>Mais la neige est tomb\u00e9e, mais la neige a fondu et le monde est devenu un peu gris, gris et plus difficile.<br>F\u00e9es &amp; magiciens ont disparu dans un monde o\u00f9 la po\u00e9sie n&rsquo;est plus accueillie.<br>Jusqu&rsquo;\u00e0 r\u00e9cemment lorsqu&rsquo;un maire tout gris a d\u00e9clar\u00e9, avec monsieur c\u00e9c\u00e9-hache-baie, que la magie d\u00e9sormais c&rsquo;est chacun pour soi, on ne partage plus.<br>Et malgr\u00e9 tout, ce qu&rsquo;ont cr\u00e9\u00e9 petit Lutin et petite Main est toujours l\u00e0 et continue \u00e0 rassembler les enfants comme autour d&rsquo;un feu avec ses immenses rubans color\u00e9s.<br>Vous en connaissez-vous des rubans color\u00e9s qui dansent depuis 29 ans?<br>Vous pourrez m\u00eame venir nous soutenir l&rsquo;an prochain pour nos 30 ans, car la magie est toujours vivante.<br>Ce petit texte est un clin d\u2019\u0153il \u00e0 nos amis Max et Marie-Jo, fondateurs historiques du Festival des Maynats.<\/p>\n\n\n\n<hr class=\"wp-block-separator has-alpha-channel-opacity\"\/>\n\n\n\n<p>C&rsquo;\u00e9tait un lapin, il adorait \u00e9crire des formules de math\u00e9matiques sur le tableau avec ses craies.<br>Il venait quand l&rsquo;\u00e9cole \u00e9tait ferm\u00e9e, profiter du tableau sans que personne ne le voie.<br>Un jour il se r\u00e9veilla et tout avait disparu, l&rsquo;\u00e9cole et le tableau. Tout ? Ah non\u2026<br>les craies \u00e9taient toujours l\u00e0. Alors, d\u00e9pit\u00e9, il dessina un grand cercle sur le sol,<br>mais vraiment un tr\u00e8s tr\u00e8s grand cercle. Des gens le virent et disaient \u00ab\u00a0mais qu&rsquo;est-ce<br>que c&rsquo;est que ce lapin qui trace un cercle sur le sol avec ses craies?\u00a0\u00bb. Or, ce lapin,<br>il n&rsquo;aimait pas du tout qu&rsquo;on le regarde. Et du coup, dans son cercle, il avait certes envie d&rsquo;\u00e9crire<br>des formules, mais il n&rsquo;osait pas : parce qu&rsquo;on le regardait. Timidement, il \u00e9crivit quand<br>m\u00eame :<br>\u00ab\u00a0distance = vitesse x temps\u00a0\u00bb<br>mais la formule s&rsquo;effa\u00e7a et, comme par magie, \u00e0 la place apparu un vers de po\u00e9sie :<br>\u00ab\u00a0Mais o\u00f9 sont les neiges d\u2019antan ?\u00a0\u00bb<\/p>\n\n\n\n<p>Il r\u00e9essaya avec un \u00ab&nbsp;galimatias de phrases scientifiques :<br>\u00ab&nbsp;Formule infinie,<br>\u00e9quation d&rsquo;alg\u00e8bre,<br>longueur du contour,<br>calcul de fr\u00e9quence.&nbsp;\u00bb<br>et cela s&rsquo;effa\u00e7a, \u00e0 la place, il y avait :<br>\u00ab&nbsp;ce qu&rsquo;il faut de nuit<br>au-dessus des arbres,<br>ce qu&rsquo;il faut d&rsquo;amour<br>au fond du silence.&nbsp;\u00bb (3)<br>\u00c7a alors, chaque formule se transformait en po\u00e9sie !<\/p>\n\n\n\n<p>Il essaya encore avec :<br>\u00ab\u00a0et un demi, un tiers, un quart<br>et un demi, un tiers, un quart\u00a0\u00bb<br>il apparut :<br>\u00ab\u00a0une fourmi tra\u00eenant un char<br>plein de pingouins et de canards\u00a0\u00bb (4)<br>Et voil\u00e0 : maintenant, quand les gens avaient envie de magie, ils demandaient au lapin de tracer un cercle et d&rsquo;\u00e9crire des formules de maths pour voir en \u00e9maner la po\u00e9sie.<\/p>\n\n\n\n<p>C&rsquo;est cela que font vos b\u00e9n\u00e9voles des Maynats : ils tracent un grand cercle sur le sol poussi\u00e9reux de Pouzac et font des calculs tr\u00e8s compliqu\u00e9s de budget, d&rsquo;horaire, de jauge, bref de plein de chiffres qui, au final, se transforment et laissent la place \u00e0 la po\u00e9sie. Vous ne le saviez pas, les b\u00e9n\u00e9voles des Maynard sont des petits lapins blancs magiciens !<\/p>\n\n\n\n<hr class=\"wp-block-separator has-alpha-channel-opacity\"\/>\n\n\n\n<p>C&rsquo;\u00e9tait un type qui vivait avec une plume sur sa t\u00eate. Il se baladait comme \u00e7a, il<br>disait \u00ab\u00a0je veux marcher dans la beaut\u00e9\u00a0\u00bb. Mais \u00e7a n&rsquo;\u00e9tait pas le chat bott\u00e9, ah non,<br>il n&rsquo;avait pas d&rsquo;\u00e9p\u00e9e. Pour fendre l&rsquo;air, il utilisait des po\u00e8mes qu&rsquo;il tirait de ses plumes. Par exemple, il disait : \u00ab\u00a0la feuille verte enveloppe la goutte de pluie dont elle fait et d\u00e9fait la vie\u00a0\u00bb (5).<br>Et il marchait, ce type, inlassablement, m\u00eame quand il pleuvait, m\u00eame quand il neigeait, m\u00eame quand<br>il faisait chaud et toujours il fendait l&rsquo;air avec ses po\u00e8mes. Il rencontra d&rsquo;autres<br>po\u00e8tes comme lui et les gens autour disaient, en les regardant passer, \u00ab\u00a0regardez ces dr\u00f4les<br>de types qui vivent de leurs plumes\u00a0\u00bb (6). Ils mont\u00e8rent un grand festival appel\u00e9 Maynats.<br>Monsieur c\u00e9c\u00e9-hache-baie leur dit \u00ab\u00a0on ne veut plus de vous, vous allez rester tous d\u00e9plum\u00e9s\u00a0\u00bb. Cependant,<br>ils continuent, tous ces po\u00e8tes avec leurs plumes, inlassablement : et on ne les arr\u00eatera pas.<\/p>\n\n\n\n<hr class=\"wp-block-separator has-alpha-channel-opacity\"\/>\n\n\n\n<p>(1) Appolinaire, cit\u00e9 par Maurice Rebeix dans <em>l&rsquo;Esprit ensauvag\u00e9<\/em><br>(2) l\u2019id\u00e9e g\u00e9n\u00e9rale est inspir\u00e9e par la lecture de Tanizaki, <em>\u00c9loge de l&rsquo;ombre.<\/em><br>(3) Jules Supervielle, Vivre encore, dans : <em>Les amis inconnus<\/em><br>(4) Robert Desnos, la fourmi<br>(5) Ha\u00efku de l\u2019auteur japonais Kikakou<br>(6) L\u00e9o Ferr\u00e9, <em>les po\u00e8tes<\/em><\/p>\n\n\n\n<h2 class=\"wp-block-heading\">Discours 2024<\/h2>\n\n\n\n<p>Dans les jeux olympiques il y a au moins deux choses admirables : a) porter la flamme, symbole de la pers\u00e9v\u00e9rance \u00e0 porter un tel \u00e9v\u00e8nement d&rsquo;ann\u00e9e en ann\u00e9e, b) le marathon qui nous enseigne \u00e0 ne pas nous essouffler quoi qu&rsquo;il arrive<br>Le festival des Maynats porte sa flamme et ne s&rsquo;essouffle pas depuis 28 ans malgr\u00e9 les emb\u00fbches comme cette ann\u00e9e le refus de la CCHB \u00e0 poursuivre ses subventions<br>Ici aussi donc vous pouvez vivre l&rsquo;esprit olympique dans notre assiduit\u00e9 \u00e0 tenir bon au profit de la culture vivante et au profit des enfants<br>Bienvenue, olympiquement, au 28e festival des Maynats, avec le spectacle\u2026 de la compagnie\u2026<\/p>\n\n\n\n<hr class=\"wp-block-separator has-alpha-channel-opacity\"\/>\n\n\n\n<p>Dans les math\u00e9matiques il y a une chose p\u00e9nible et une chose merveilleuse. La chose p\u00e9nible c&rsquo;est que tout tombe toujours juste en maths ; il n&rsquo;y a pas d&rsquo;erreurs de calcul, contrairement par exemple aux horaires du spectacle vivant qui, lorsque les retards s&rsquo;entrechoquent, vous font, comme \u00e0 l&rsquo;instant, patienter 20 minutes dehors ! La chose merveilleuse maintenant en maths, c&rsquo;est r\u00e9soudre les \u00e9quations : trouver l&rsquo;inconnue x, celle qui permet de poursuivre le probl\u00e8me.<br>Tenir un festival comme celui-ci depuis 28 ans, c&rsquo;est r\u00e9soudre une \u00e9quation avec de nombreuses inconnues sans cesse renouvel\u00e9es, comme cette ann\u00e9e la fin de subvention de la CCHB<br>Alors bienvenue math\u00e9matiquement au 28e festival des Maynats avec le spectacle\u2026 de la compagnie\u2026<\/p>\n\n\n\n<hr class=\"wp-block-separator has-alpha-channel-opacity\"\/>\n\n\n\n<p>L&rsquo;arbre qui, sorti d&rsquo;une goutte obscur\u00e9ment<br>S\u2019\u00e9lance, et qui de l\u2019ait, en fait son aliment<br>Cet arbre voyageur qui marche \u00e0 pas tranquilles<br>Ce p\u00e8lerin, ce point que l&rsquo;on croit immobile<br>Le festival des Maynats est comme cet arbre de Victor Hugo :<br>Ses fruits : nos artistes et leur spectacle<br>ses sels min\u00e9raux : les subventions soumise au gr\u00e9 des vents\u2026<br>sa terre : les b\u00e9n\u00e9voles, car la terre fait le travail mais on ne lui pr\u00eate pas attention<br>son ensoleillement : vous, public, vous les enfants<br>Bienvenue, v\u00e9g\u00e9talement, au 28e festival des Maynats avec le spectacle\u2026 de la compagnie\u2026<\/p>\n\n\n\n<hr class=\"wp-block-separator has-alpha-channel-opacity\"\/>\n\n\n\n<p>Un vieux parent de ma famille a un jour fait la longue route pour venir nous voir. Avant son arriv\u00e9e, nous nous creusions la t\u00eate : que va-t-on lui proposer ; on pourrait y aller ici, on pourrait aller l\u00e0, on pourrait faire ceci, on pourrait faire cela.<br>Il arrive, on s&rsquo;installe autour de la table. On lui demande ce qu&rsquo;il veut faire pendant son s\u00e9jour. Avec ses yeux p\u00e9tillants, il dit : \u00ab j&rsquo;ai une id\u00e9e\u2026 Et si on restait ensemble \u00bb<br>C&rsquo;est cela aussi le festival des Maynats : \u00eatre ensemble. Dans un monde o\u00f9 tout nous s\u00e9pare : les \u00e9crans nous s\u00e9parent, les opinions nous s\u00e9parent. Alors ici soyons simplement ensemble, comme des enfants\u2026<br>Bienvenue, donc, merveilleusement, au 28e festival des Maynats, avec le spectacle\u2026 de la compagnie\u2026<\/p>\n\n\n\n<hr class=\"wp-block-separator has-alpha-channel-opacity\"\/>\n\n\n\n<p>C&rsquo;est l&rsquo;histoire d&rsquo;un tout petit coquillage au fond de l&rsquo;eau. Il a un peu peur car il est minuscule. Il commence \u00e0 se faire des amis, il fabrique alors des perles pour les offrir autour de lui.<br>Chaque ann\u00e9e il grandit ; les poissons l&rsquo;aident se nourrir et \u00e0 prosp\u00e9rer, merci \u00e0 eux : mairie de Pouzac notamment mais aussi de Campan Montgaillard et Gerde, au d\u00e9partement et \u00e0 la r\u00e9gion et aussi les clubs de foot et de tennis de table de Pouzac (et merci quand m\u00eame \u00e0 Bagn\u00e8res pour les b\u00e2ches\u2026)<br>Au bout de 28 ans il grandit tellement qu&rsquo;il fait peur \u00e0 des gros poisson, comme le poisson CCHB qui ne veut plus le subventionner<br>Aujourd&rsquo;hui, ce coquillage, appel\u00e9 Maynats s&rsquo;ouvre plusieurs fois par an : on rentre tous \u00e0 l&rsquo;int\u00e9rieur de lui et il nous offre ses perles venues du bout du monde comme ce spectacle\u2026 de la compagnie\u2026<\/p>\n\n\n\n<hr class=\"wp-block-separator has-alpha-channel-opacity\"\/>\n\n\n\n<p>C&rsquo;est l&rsquo;histoire d&rsquo;une petite bulle<br>Elle est n\u00e9e comme \u00e7a un jour<br>Elle avait une id\u00e9e<br>Faire un truc pour les enfants\u2026<br>Cette petite bulle a rencontr\u00e9 une deuxi\u00e8me bulle, puis une troisi\u00e8me bulle, une ribambelle de belles bulles qui tintinnabulent<br>Depuis 28 ans toutes ces bulles se r\u00e9unissent chaque ann\u00e9e pour un floril\u00e8ge de spectacles, et au bout de 28 ann\u00e9es toutes ces bulles travaillent en partenariat avec Pouzac bien s\u00fbr, mais aussi Campan, Montgaillard, Gerde, le d\u00e9partement et la r\u00e9gion et aussi les clubs de foot et de tennis de table de Pouzac<br>Mais ses bulles ne peuvent pas travailler avec la CCHB, qui doit avoir peur des bulles\u2026<br>La bulle d&rsquo;aujourd&rsquo;hui nous vient de la compagnie\u2026 avec le spectacle\u2026<\/p>\n\n\n\n<hr class=\"wp-block-separator has-alpha-channel-opacity\"\/>\n\n\n\n<p>C&rsquo;est l&rsquo;histoire d&rsquo;un petit grain de sable, il s&rsquo;ennuyait, alors il s&rsquo;est associ\u00e9 avec d&rsquo;autres grains de sable pour baliser un chemin dans l&rsquo;inconnu de la for\u00eat<br>Dans le monde de l&rsquo;art o\u00f9 la r\u00e8gle est : cr\u00e9er<br>[] Le monde du spectacle o\u00f9 il faut inventer<br>tellement de grains de sable que la mer est venue pour nous prendre en voyage<br>Sur les grandes vagues des artistes<br>Pour les embruns de ces spectacles nous remercions Pouzac bien s\u00fbr, mais aussi Campan, Montgaillard, Gerde, le d\u00e9partement et la r\u00e9gion et aussi les clubs de foot et de tennis de table de Pouzac<br>Nous ne pouvons malhreusement pas remercier la CCHB, pour qui nous repr\u00e9sentons peut-\u00eatre un grain de sable dans on engrenage\u2026<br>Sur notre petite barque, accueillons maintenant le spectacle\u2026 de la compagnie\u2026\u2026<br>et ce soir vous r\u00eaverez peut-\u00eatre, les enfants \u00e0 tout ce que vous avez vu aujourd\u2019hui car ne dit-on pas que le marchand de sable, chaque soir, pose tous les petits grains au ciel pour former, le temps d\u2019une nuit, la d\u00e9licate phosphorescence de la Voie Lact\u00e9e<\/p>\n\n\n\n<p>Discours sign\u00e9s Vincent Douce<\/p>\n\n\n\n<p><\/p>\n","protected":false},"excerpt":{"rendered":"<p>La tradition s&rsquo;est implant\u00e9e depuis l&rsquo;an dernier de donner au public un petit discours sous forme de conte avant les&#8230;<\/p>\n","protected":false},"author":1,"featured_media":0,"parent":0,"menu_order":0,"comment_status":"closed","ping_status":"closed","template":"","meta":{"footnotes":""},"class_list":["post-2042","page","type-page","status-publish","hentry"],"_links":{"self":[{"href":"https:\/\/maynats.org\/index.php?rest_route=\/wp\/v2\/pages\/2042","targetHints":{"allow":["GET"]}}],"collection":[{"href":"https:\/\/maynats.org\/index.php?rest_route=\/wp\/v2\/pages"}],"about":[{"href":"https:\/\/maynats.org\/index.php?rest_route=\/wp\/v2\/types\/page"}],"author":[{"embeddable":true,"href":"https:\/\/maynats.org\/index.php?rest_route=\/wp\/v2\/users\/1"}],"replies":[{"embeddable":true,"href":"https:\/\/maynats.org\/index.php?rest_route=%2Fwp%2Fv2%2Fcomments&post=2042"}],"version-history":[{"count":3,"href":"https:\/\/maynats.org\/index.php?rest_route=\/wp\/v2\/pages\/2042\/revisions"}],"predecessor-version":[{"id":2069,"href":"https:\/\/maynats.org\/index.php?rest_route=\/wp\/v2\/pages\/2042\/revisions\/2069"}],"wp:attachment":[{"href":"https:\/\/maynats.org\/index.php?rest_route=%2Fwp%2Fv2%2Fmedia&parent=2042"}],"curies":[{"name":"wp","href":"https:\/\/api.w.org\/{rel}","templated":true}]}}